{"id":11,"date":"2023-02-08T16:28:12","date_gmt":"2023-02-08T16:28:12","guid":{"rendered":"https:\/\/myboundlessjourney.eu\/?page_id=11"},"modified":"2026-04-14T16:06:49","modified_gmt":"2026-04-14T16:06:49","slug":"project","status":"publish","type":"page","link":"https:\/\/myboundlessjourney.eu\/index.php\/archive\/project\/","title":{"rendered":"About the Project"},"content":{"rendered":"\t\t<div data-elementor-type=\"wp-page\" data-elementor-id=\"11\" class=\"elementor elementor-11\">\n\t\t\t\t\t\t\t\t\t<section class=\"elementor-section elementor-top-section elementor-element elementor-element-dd427d0 elementor-section-full_width elementor-section-height-default elementor-section-height-default\" data-id=\"dd427d0\" data-element_type=\"section\" data-settings=\"{&quot;background_background&quot;:&quot;gradient&quot;}\">\n\t\t\t\t\t\t<div class=\"elementor-container elementor-column-gap-default\">\n\t\t\t\t\t<div class=\"elementor-column elementor-col-100 elementor-top-column elementor-element elementor-element-109fb10\" data-id=\"109fb10\" data-element_type=\"column\">\n\t\t\t<div class=\"elementor-widget-wrap elementor-element-populated\">\n\t\t\t\t\t\t\t\t<div class=\"elementor-element elementor-element-ed2c89f elementor-widget__width-initial elementor-widget elementor-widget-heading\" data-id=\"ed2c89f\" data-element_type=\"widget\" data-widget_type=\"heading.default\">\n\t\t\t\t<div class=\"elementor-widget-container\">\n\t\t\t<style>\/*! elementor - v3.18.0 - 06-12-2023 *\/\n.elementor-heading-title{padding:0;margin:0;line-height:1}.elementor-widget-heading .elementor-heading-title[class*=elementor-size-]>a{color:inherit;font-size:inherit;line-height:inherit}.elementor-widget-heading .elementor-heading-title.elementor-size-small{font-size:15px}.elementor-widget-heading .elementor-heading-title.elementor-size-medium{font-size:19px}.elementor-widget-heading .elementor-heading-title.elementor-size-large{font-size:29px}.elementor-widget-heading .elementor-heading-title.elementor-size-xl{font-size:39px}.elementor-widget-heading .elementor-heading-title.elementor-size-xxl{font-size:59px}<\/style><h3 class=\"elementor-heading-title elementor-size-default\">Empower your unique abilities, and explore the world without limits!<\/h3>\t\t<\/div>\n\t\t\t\t<\/div>\n\t\t\t\t\t<\/div>\n\t\t<\/div>\n\t\t\t\t\t\t\t<\/div>\n\t\t<\/section>\n\t\t\t\t<section class=\"elementor-section elementor-top-section elementor-element elementor-element-03671e8 elementor-section-boxed elementor-section-height-default elementor-section-height-default\" data-id=\"03671e8\" data-element_type=\"section\">\n\t\t\t\t\t\t<div class=\"elementor-container elementor-column-gap-default\">\n\t\t\t\t\t<div class=\"elementor-column elementor-col-100 elementor-top-column elementor-element elementor-element-5c8447a\" data-id=\"5c8447a\" data-element_type=\"column\">\n\t\t\t<div class=\"elementor-widget-wrap elementor-element-populated\">\n\t\t\t\t\t\t\t\t<div class=\"elementor-element elementor-element-ada8a68 elementor-widget elementor-widget-spacer\" data-id=\"ada8a68\" data-element_type=\"widget\" data-widget_type=\"spacer.default\">\n\t\t\t\t<div class=\"elementor-widget-container\">\n\t\t\t<style>\/*! elementor - v3.18.0 - 06-12-2023 *\/\n.elementor-column .elementor-spacer-inner{height:var(--spacer-size)}.e-con{--container-widget-width:100%}.e-con-inner>.elementor-widget-spacer,.e-con>.elementor-widget-spacer{width:var(--container-widget-width,var(--spacer-size));--align-self:var(--container-widget-align-self,initial);--flex-shrink:0}.e-con-inner>.elementor-widget-spacer>.elementor-widget-container,.e-con>.elementor-widget-spacer>.elementor-widget-container{height:100%;width:100%}.e-con-inner>.elementor-widget-spacer>.elementor-widget-container>.elementor-spacer,.e-con>.elementor-widget-spacer>.elementor-widget-container>.elementor-spacer{height:100%}.e-con-inner>.elementor-widget-spacer>.elementor-widget-container>.elementor-spacer>.elementor-spacer-inner,.e-con>.elementor-widget-spacer>.elementor-widget-container>.elementor-spacer>.elementor-spacer-inner{height:var(--container-widget-height,var(--spacer-size))}.e-con-inner>.elementor-widget-spacer.elementor-widget-empty,.e-con>.elementor-widget-spacer.elementor-widget-empty{position:relative;min-height:22px;min-width:22px}.e-con-inner>.elementor-widget-spacer.elementor-widget-empty .elementor-widget-empty-icon,.e-con>.elementor-widget-spacer.elementor-widget-empty .elementor-widget-empty-icon{position:absolute;top:0;bottom:0;left:0;right:0;margin:auto;padding:0;width:22px;height:22px}<\/style>\t\t<div class=\"elementor-spacer\">\n\t\t\t<div class=\"elementor-spacer-inner\"><\/div>\n\t\t<\/div>\n\t\t\t\t<\/div>\n\t\t\t\t<\/div>\n\t\t\t\t\t<\/div>\n\t\t<\/div>\n\t\t\t\t\t\t\t<\/div>\n\t\t<\/section>\n\t\t\t\t<section class=\"elementor-section elementor-top-section elementor-element elementor-element-a06911e elementor-section-boxed elementor-section-height-default elementor-section-height-default\" data-id=\"a06911e\" data-element_type=\"section\">\n\t\t\t\t\t\t<div class=\"elementor-container elementor-column-gap-default\">\n\t\t\t\t\t<div class=\"elementor-column elementor-col-33 elementor-top-column elementor-element elementor-element-4283d3e\" data-id=\"4283d3e\" data-element_type=\"column\">\n\t\t\t<div class=\"elementor-widget-wrap elementor-element-populated\">\n\t\t\t\t\t\t\t\t<div class=\"elementor-element elementor-element-56119f6 elementor-widget elementor-widget-image\" data-id=\"56119f6\" data-element_type=\"widget\" data-widget_type=\"image.default\">\n\t\t\t\t<div class=\"elementor-widget-container\">\n\t\t\t<style>\/*! elementor - v3.18.0 - 06-12-2023 *\/\n.elementor-widget-image{text-align:center}.elementor-widget-image a{display:inline-block}.elementor-widget-image a img[src$=\".svg\"]{width:48px}.elementor-widget-image img{vertical-align:middle;display:inline-block}<\/style>\t\t\t\t\t\t\t\t\t<figure class=\"wp-caption\">\n\t\t\t\t\t\t\t\t\t\t\t<a href=\"https:\/\/myboundlessjourney.eu\/index.php\/home\/for-young-people\/\">\n\t\t\t\t\t\t\t<img decoding=\"async\" width=\"150\" height=\"150\" src=\"https:\/\/myboundlessjourney.eu\/wp-content\/uploads\/2023\/11\/IMG_8038-150x150.jpg\" class=\"attachment-thumbnail size-thumbnail wp-image-433\" alt=\"\" srcset=\"https:\/\/myboundlessjourney.eu\/wp-content\/uploads\/2023\/11\/IMG_8038-150x150.jpg 150w, https:\/\/myboundlessjourney.eu\/wp-content\/uploads\/2023\/11\/IMG_8038-300x300.jpg 300w\" sizes=\"(max-width: 150px) 100vw, 150px\" \/>\t\t\t\t\t\t\t\t<\/a>\n\t\t\t\t\t\t\t\t\t\t\t<figcaption class=\"widget-image-caption wp-caption-text\">For Young People<\/figcaption>\n\t\t\t\t\t\t\t\t\t\t<\/figure>\n\t\t\t\t\t\t\t\t\t<\/div>\n\t\t\t\t<\/div>\n\t\t\t\t\t<\/div>\n\t\t<\/div>\n\t\t\t\t<div class=\"elementor-column elementor-col-33 elementor-top-column elementor-element elementor-element-d25b0d8\" data-id=\"d25b0d8\" data-element_type=\"column\">\n\t\t\t<div class=\"elementor-widget-wrap elementor-element-populated\">\n\t\t\t\t\t\t\t\t<div class=\"elementor-element elementor-element-3df8eb7 elementor-widget elementor-widget-image\" data-id=\"3df8eb7\" data-element_type=\"widget\" data-widget_type=\"image.default\">\n\t\t\t\t<div class=\"elementor-widget-container\">\n\t\t\t\t\t\t\t\t\t\t\t\t<figure class=\"wp-caption\">\n\t\t\t\t\t\t\t\t\t\t\t<a href=\"https:\/\/myboundlessjourney.eu\/?page_id=67&#038;preview=true\">\n\t\t\t\t\t\t\t<img decoding=\"async\" width=\"150\" height=\"150\" src=\"https:\/\/myboundlessjourney.eu\/wp-content\/uploads\/2023\/11\/356150657_207013275646848_5845710436560121625_n-150x150.jpg\" class=\"attachment-thumbnail size-thumbnail wp-image-422\" alt=\"\" srcset=\"https:\/\/myboundlessjourney.eu\/wp-content\/uploads\/2023\/11\/356150657_207013275646848_5845710436560121625_n-150x150.jpg 150w, https:\/\/myboundlessjourney.eu\/wp-content\/uploads\/2023\/11\/356150657_207013275646848_5845710436560121625_n-300x300.jpg 300w\" sizes=\"(max-width: 150px) 100vw, 150px\" \/>\t\t\t\t\t\t\t\t<\/a>\n\t\t\t\t\t\t\t\t\t\t\t<figcaption class=\"widget-image-caption wp-caption-text\">For Organisations<\/figcaption>\n\t\t\t\t\t\t\t\t\t\t<\/figure>\n\t\t\t\t\t\t\t\t\t<\/div>\n\t\t\t\t<\/div>\n\t\t\t\t\t<\/div>\n\t\t<\/div>\n\t\t\t\t<div class=\"elementor-column elementor-col-33 elementor-top-column elementor-element elementor-element-ada3348\" data-id=\"ada3348\" data-element_type=\"column\">\n\t\t\t<div class=\"elementor-widget-wrap elementor-element-populated\">\n\t\t\t\t\t\t\t\t<div class=\"elementor-element elementor-element-0966133 elementor-widget elementor-widget-image\" data-id=\"0966133\" data-element_type=\"widget\" data-widget_type=\"image.default\">\n\t\t\t\t<div class=\"elementor-widget-container\">\n\t\t\t\t\t\t\t\t\t\t\t\t<figure class=\"wp-caption\">\n\t\t\t\t\t\t\t\t\t\t\t<a href=\"https:\/\/myboundlessjourney.eu\/index.php\/for-support-staff\">\n\t\t\t\t\t\t\t<img decoding=\"async\" width=\"150\" height=\"150\" src=\"https:\/\/myboundlessjourney.eu\/wp-content\/uploads\/2023\/07\/20230628_084946-150x150.jpg\" class=\"attachment-thumbnail size-thumbnail wp-image-372\" alt=\"\" srcset=\"https:\/\/myboundlessjourney.eu\/wp-content\/uploads\/2023\/07\/20230628_084946-150x150.jpg 150w, https:\/\/myboundlessjourney.eu\/wp-content\/uploads\/2023\/07\/20230628_084946-300x300.jpg 300w, https:\/\/myboundlessjourney.eu\/wp-content\/uploads\/2023\/07\/20230628_084946-1024x1024.jpg 1024w, https:\/\/myboundlessjourney.eu\/wp-content\/uploads\/2023\/07\/20230628_084946-768x768.jpg 768w, https:\/\/myboundlessjourney.eu\/wp-content\/uploads\/2023\/07\/20230628_084946-1536x1536.jpg 1536w, https:\/\/myboundlessjourney.eu\/wp-content\/uploads\/2023\/07\/20230628_084946-2048x2048.jpg 2048w\" sizes=\"(max-width: 150px) 100vw, 150px\" \/>\t\t\t\t\t\t\t\t<\/a>\n\t\t\t\t\t\t\t\t\t\t\t<figcaption class=\"widget-image-caption wp-caption-text\">For Accompanying Persons \/ Support Staff<\/figcaption>\n\t\t\t\t\t\t\t\t\t\t<\/figure>\n\t\t\t\t\t\t\t\t\t<\/div>\n\t\t\t\t<\/div>\n\t\t\t\t\t<\/div>\n\t\t<\/div>\n\t\t\t\t\t\t\t<\/div>\n\t\t<\/section>\n\t\t\t\t<section class=\"elementor-section elementor-top-section elementor-element elementor-element-bc9d77c elementor-section-boxed elementor-section-height-default elementor-section-height-default\" data-id=\"bc9d77c\" data-element_type=\"section\">\n\t\t\t\t\t\t<div class=\"elementor-container elementor-column-gap-default\">\n\t\t\t\t\t<div class=\"elementor-column elementor-col-100 elementor-top-column elementor-element elementor-element-8106882\" data-id=\"8106882\" data-element_type=\"column\">\n\t\t\t<div class=\"elementor-widget-wrap elementor-element-populated\">\n\t\t\t\t\t\t\t\t<div class=\"elementor-element elementor-element-47524cb elementor-widget elementor-widget-image\" data-id=\"47524cb\" data-element_type=\"widget\" data-widget_type=\"image.default\">\n\t\t\t\t<div class=\"elementor-widget-container\">\n\t\t\t\t\t\t\t\t\t\t\t\t\t\t\t<img loading=\"lazy\" decoding=\"async\" width=\"800\" height=\"450\" src=\"https:\/\/myboundlessjourney.eu\/wp-content\/uploads\/2023\/04\/My-Boundless-Journey-E-Strategic-Partnership-Project-1024x576.png\" class=\"attachment-large size-large wp-image-158\" alt=\"\" srcset=\"https:\/\/myboundlessjourney.eu\/wp-content\/uploads\/2023\/04\/My-Boundless-Journey-E-Strategic-Partnership-Project-1024x576.png 1024w, https:\/\/myboundlessjourney.eu\/wp-content\/uploads\/2023\/04\/My-Boundless-Journey-E-Strategic-Partnership-Project-300x169.png 300w, https:\/\/myboundlessjourney.eu\/wp-content\/uploads\/2023\/04\/My-Boundless-Journey-E-Strategic-Partnership-Project-768x432.png 768w, https:\/\/myboundlessjourney.eu\/wp-content\/uploads\/2023\/04\/My-Boundless-Journey-E-Strategic-Partnership-Project-1536x864.png 1536w, https:\/\/myboundlessjourney.eu\/wp-content\/uploads\/2023\/04\/My-Boundless-Journey-E-Strategic-Partnership-Project-1140x641.png 1140w, https:\/\/myboundlessjourney.eu\/wp-content\/uploads\/2023\/04\/My-Boundless-Journey-E-Strategic-Partnership-Project-720x405.png 720w, https:\/\/myboundlessjourney.eu\/wp-content\/uploads\/2023\/04\/My-Boundless-Journey-E-Strategic-Partnership-Project.png 1920w\" sizes=\"(max-width: 800px) 100vw, 800px\" \/>\t\t\t\t\t\t\t\t\t\t\t\t\t\t\t<\/div>\n\t\t\t\t<\/div>\n\t\t\t\t\t<\/div>\n\t\t<\/div>\n\t\t\t\t\t\t\t<\/div>\n\t\t<\/section>\n\t\t\t\t<section class=\"elementor-section elementor-top-section elementor-element elementor-element-33f5490 elementor-section-boxed elementor-section-height-default elementor-section-height-default\" data-id=\"33f5490\" data-element_type=\"section\">\n\t\t\t\t\t\t<div class=\"elementor-container elementor-column-gap-default\">\n\t\t\t\t\t<div class=\"elementor-column elementor-col-100 elementor-top-column elementor-element elementor-element-1bc259f\" data-id=\"1bc259f\" data-element_type=\"column\">\n\t\t\t<div class=\"elementor-widget-wrap elementor-element-populated\">\n\t\t\t\t\t\t\t\t<div class=\"elementor-element elementor-element-23b32aa elementor-widget elementor-widget-text-editor\" data-id=\"23b32aa\" data-element_type=\"widget\" data-widget_type=\"text-editor.default\">\n\t\t\t\t<div class=\"elementor-widget-container\">\n\t\t\t<style>\/*! elementor - v3.18.0 - 06-12-2023 *\/\n.elementor-widget-text-editor.elementor-drop-cap-view-stacked .elementor-drop-cap{background-color:#69727d;color:#fff}.elementor-widget-text-editor.elementor-drop-cap-view-framed .elementor-drop-cap{color:#69727d;border:3px solid;background-color:transparent}.elementor-widget-text-editor:not(.elementor-drop-cap-view-default) .elementor-drop-cap{margin-top:8px}.elementor-widget-text-editor:not(.elementor-drop-cap-view-default) .elementor-drop-cap-letter{width:1em;height:1em}.elementor-widget-text-editor .elementor-drop-cap{float:left;text-align:center;line-height:1;font-size:50px}.elementor-widget-text-editor .elementor-drop-cap-letter{display:inline-block}<\/style>\t\t\t\t<h4 class=\"_04xlpA direction-ltr align-center para-style-body\"><a href=\"https:\/\/tett-hely.hu\/projektjeink\/dnu-ka210-projekt\/\"><span class=\"S1PPyQ\">Disabled Not Unable is an <\/span><span class=\"S1PPyQ\">Erasmus+ KA210 Strategic Partnership Project<\/span><\/a><\/h4>\t\t\t\t\t\t<\/div>\n\t\t\t\t<\/div>\n\t\t\t\t\t<\/div>\n\t\t<\/div>\n\t\t\t\t\t\t\t<\/div>\n\t\t<\/section>\n\t\t\t\t<section class=\"elementor-section elementor-top-section elementor-element elementor-element-6ee91e9 elementor-section-boxed elementor-section-height-default elementor-section-height-default\" data-id=\"6ee91e9\" data-element_type=\"section\">\n\t\t\t\t\t\t<div class=\"elementor-container elementor-column-gap-default\">\n\t\t\t\t\t<div class=\"elementor-column elementor-col-100 elementor-top-column elementor-element elementor-element-d3a5073\" data-id=\"d3a5073\" data-element_type=\"column\">\n\t\t\t<div class=\"elementor-widget-wrap elementor-element-populated\">\n\t\t\t\t\t\t\t\t<div class=\"elementor-element elementor-element-ff51a63 elementor-widget elementor-widget-text-editor\" data-id=\"ff51a63\" data-element_type=\"widget\" data-widget_type=\"text-editor.default\">\n\t\t\t\t<div class=\"elementor-widget-container\">\n\t\t\t\t\t\t\t<h2 class=\"wp-block-heading has-text-align-left\">Supporting the participation of young people with disabilities in international mobility projects<\/h2>\t\t\t\t\t\t<\/div>\n\t\t\t\t<\/div>\n\t\t\t\t\t<\/div>\n\t\t<\/div>\n\t\t\t\t\t\t\t<\/div>\n\t\t<\/section>\n\t\t\t\t<section class=\"elementor-section elementor-top-section elementor-element elementor-element-838b859 elementor-section-boxed elementor-section-height-default elementor-section-height-default\" data-id=\"838b859\" data-element_type=\"section\">\n\t\t\t\t\t\t<div class=\"elementor-container elementor-column-gap-default\">\n\t\t\t\t\t<div class=\"elementor-column elementor-col-100 elementor-top-column elementor-element elementor-element-b0ded9f\" data-id=\"b0ded9f\" data-element_type=\"column\">\n\t\t\t<div class=\"elementor-widget-wrap elementor-element-populated\">\n\t\t\t\t\t\t\t\t<div class=\"elementor-element elementor-element-a8449b3 elementor-widget elementor-widget-text-editor\" data-id=\"a8449b3\" data-element_type=\"widget\" data-widget_type=\"text-editor.default\">\n\t\t\t\t<div class=\"elementor-widget-container\">\n\t\t\t\t\t\t\t<p>The aim of our project, as a youth organisation experienced in international mobility projects, is to summarise our knowledge together with our Norwegian partner, <em>Youth for Diversity, Agder<\/em>, and to facilitate the participation of young people with disabilities in international projects by involving local partners. In connection with this, we work together on supportive professional materials, prepare young people and organisations to be part of the programme. Our main focus is youth exchanges and short-term volunteering projects.<\/p>\t\t\t\t\t\t<\/div>\n\t\t\t\t<\/div>\n\t\t\t\t<div class=\"elementor-element elementor-element-c9f76c5 elementor-widget elementor-widget-image\" data-id=\"c9f76c5\" data-element_type=\"widget\" data-widget_type=\"image.default\">\n\t\t\t\t<div class=\"elementor-widget-container\">\n\t\t\t\t\t\t\t\t\t\t\t\t\t\t\t<img loading=\"lazy\" decoding=\"async\" width=\"800\" height=\"600\" src=\"https:\/\/myboundlessjourney.eu\/wp-content\/uploads\/2023\/05\/291737883_413173244183045_7131247599426542067_n-1024x768.jpg\" class=\"attachment-large size-large wp-image-252\" alt=\"\" srcset=\"https:\/\/myboundlessjourney.eu\/wp-content\/uploads\/2023\/05\/291737883_413173244183045_7131247599426542067_n-1024x768.jpg 1024w, https:\/\/myboundlessjourney.eu\/wp-content\/uploads\/2023\/05\/291737883_413173244183045_7131247599426542067_n-300x225.jpg 300w, https:\/\/myboundlessjourney.eu\/wp-content\/uploads\/2023\/05\/291737883_413173244183045_7131247599426542067_n-768x576.jpg 768w, https:\/\/myboundlessjourney.eu\/wp-content\/uploads\/2023\/05\/291737883_413173244183045_7131247599426542067_n-160x120.jpg 160w, https:\/\/myboundlessjourney.eu\/wp-content\/uploads\/2023\/05\/291737883_413173244183045_7131247599426542067_n.jpg 1440w\" sizes=\"(max-width: 800px) 100vw, 800px\" \/>\t\t\t\t\t\t\t\t\t\t\t\t\t\t\t<\/div>\n\t\t\t\t<\/div>\n\t\t\t\t<div class=\"elementor-element elementor-element-bbeaace elementor-widget elementor-widget-text-editor\" data-id=\"bbeaace\" data-element_type=\"widget\" data-widget_type=\"text-editor.default\">\n\t\t\t\t<div class=\"elementor-widget-container\">\n\t\t\t\t\t\t\t<p><strong>Partners<\/strong><\/p>\n<ul>\n<li><span class=\"S1PPyQ\" style=\"color: #024393;\"><a href=\"https:\/\/tett-hely.hu\">Tett-hely Ifj\u00fas\u00e1gi Egyes\u00fclet<\/a> (Hungary)<\/span><\/li>\n<li><span class=\"S1PPyQ\" style=\"color: #024393;\"><a href=\"https:\/\/ydagder.eu\">Youth for Diversity, Agder<\/a> (<\/span><span class=\"S1PPyQ\" style=\"color: #024393;\">Norway)<\/span><\/li>\n<\/ul>\t\t\t\t\t\t<\/div>\n\t\t\t\t<\/div>\n\t\t\t\t\t<\/div>\n\t\t<\/div>\n\t\t\t\t\t\t\t<\/div>\n\t\t<\/section>\n\t\t\t\t<section class=\"elementor-section elementor-top-section elementor-element elementor-element-7782aa5 elementor-section-boxed elementor-section-height-default elementor-section-height-default\" data-id=\"7782aa5\" data-element_type=\"section\">\n\t\t\t\t\t\t<div class=\"elementor-container elementor-column-gap-default\">\n\t\t\t\t\t<div class=\"elementor-column elementor-col-33 elementor-top-column elementor-element elementor-element-0c17240\" data-id=\"0c17240\" data-element_type=\"column\">\n\t\t\t<div class=\"elementor-widget-wrap elementor-element-populated\">\n\t\t\t\t\t\t\t\t<div class=\"elementor-element elementor-element-0c9658a elementor-widget elementor-widget-image\" data-id=\"0c9658a\" data-element_type=\"widget\" data-widget_type=\"image.default\">\n\t\t\t\t<div class=\"elementor-widget-container\">\n\t\t\t\t\t\t\t\t\t\t\t\t\t\t\t<img loading=\"lazy\" decoding=\"async\" width=\"225\" height=\"225\" src=\"https:\/\/myboundlessjourney.eu\/wp-content\/uploads\/2023\/04\/erasmusplus.png\" class=\"attachment-medium_large size-medium_large wp-image-118\" alt=\"\" srcset=\"https:\/\/myboundlessjourney.eu\/wp-content\/uploads\/2023\/04\/erasmusplus.png 225w, https:\/\/myboundlessjourney.eu\/wp-content\/uploads\/2023\/04\/erasmusplus-150x150.png 150w\" sizes=\"(max-width: 225px) 100vw, 225px\" \/>\t\t\t\t\t\t\t\t\t\t\t\t\t\t\t<\/div>\n\t\t\t\t<\/div>\n\t\t\t\t\t<\/div>\n\t\t<\/div>\n\t\t\t\t<div class=\"elementor-column elementor-col-33 elementor-top-column elementor-element elementor-element-98f5987\" data-id=\"98f5987\" data-element_type=\"column\">\n\t\t\t<div class=\"elementor-widget-wrap elementor-element-populated\">\n\t\t\t\t\t\t\t\t<div class=\"elementor-element elementor-element-081be70 elementor-widget elementor-widget-image\" data-id=\"081be70\" data-element_type=\"widget\" data-widget_type=\"image.default\">\n\t\t\t\t<div class=\"elementor-widget-container\">\n\t\t\t\t\t\t\t\t\t\t\t\t\t\t\t<img loading=\"lazy\" decoding=\"async\" width=\"467\" height=\"329\" src=\"https:\/\/myboundlessjourney.eu\/wp-content\/uploads\/2023\/04\/logo3.png\" class=\"attachment-medium_large size-medium_large wp-image-119\" alt=\"\" srcset=\"https:\/\/myboundlessjourney.eu\/wp-content\/uploads\/2023\/04\/logo3.png 467w, https:\/\/myboundlessjourney.eu\/wp-content\/uploads\/2023\/04\/logo3-300x211.png 300w\" sizes=\"(max-width: 467px) 100vw, 467px\" \/>\t\t\t\t\t\t\t\t\t\t\t\t\t\t\t<\/div>\n\t\t\t\t<\/div>\n\t\t\t\t\t<\/div>\n\t\t<\/div>\n\t\t\t\t<div class=\"elementor-column elementor-col-33 elementor-top-column elementor-element elementor-element-04e89d4\" data-id=\"04e89d4\" data-element_type=\"column\">\n\t\t\t<div class=\"elementor-widget-wrap elementor-element-populated\">\n\t\t\t\t\t\t\t\t<div class=\"elementor-element elementor-element-ffa0ce8 elementor-widget elementor-widget-image\" data-id=\"ffa0ce8\" data-element_type=\"widget\" data-widget_type=\"image.default\">\n\t\t\t\t<div class=\"elementor-widget-container\">\n\t\t\t\t\t\t\t\t\t\t\t\t\t\t\t<img loading=\"lazy\" decoding=\"async\" width=\"200\" height=\"200\" src=\"https:\/\/myboundlessjourney.eu\/wp-content\/uploads\/2023\/04\/YDA-transparent-background-logo.png\" class=\"attachment-medium_large size-medium_large wp-image-131\" alt=\"\" srcset=\"https:\/\/myboundlessjourney.eu\/wp-content\/uploads\/2023\/04\/YDA-transparent-background-logo.png 200w, https:\/\/myboundlessjourney.eu\/wp-content\/uploads\/2023\/04\/YDA-transparent-background-logo-150x150.png 150w\" sizes=\"(max-width: 200px) 100vw, 200px\" \/>\t\t\t\t\t\t\t\t\t\t\t\t\t\t\t<\/div>\n\t\t\t\t<\/div>\n\t\t\t\t\t<\/div>\n\t\t<\/div>\n\t\t\t\t\t\t\t<\/div>\n\t\t<\/section>\n\t\t\t\t<section class=\"elementor-section elementor-top-section elementor-element elementor-element-db3e87a elementor-section-boxed elementor-section-height-default elementor-section-height-default\" data-id=\"db3e87a\" data-element_type=\"section\">\n\t\t\t\t\t\t<div class=\"elementor-container elementor-column-gap-default\">\n\t\t\t\t\t<div class=\"elementor-column elementor-col-100 elementor-top-column elementor-element elementor-element-32c2e1b\" data-id=\"32c2e1b\" data-element_type=\"column\">\n\t\t\t<div class=\"elementor-widget-wrap elementor-element-populated\">\n\t\t\t\t\t\t\t\t<div class=\"elementor-element elementor-element-73285fc elementor-widget elementor-widget-image\" data-id=\"73285fc\" data-element_type=\"widget\" data-widget_type=\"image.default\">\n\t\t\t\t<div class=\"elementor-widget-container\">\n\t\t\t\t\t\t\t\t\t\t\t\t\t\t\t<img loading=\"lazy\" decoding=\"async\" width=\"800\" height=\"164\" src=\"https:\/\/myboundlessjourney.eu\/wp-content\/uploads\/2023\/05\/LogosBeneficairesErasmusRIGHT_EN_0-1024x210.jpg\" class=\"attachment-large size-large wp-image-250\" alt=\"\" srcset=\"https:\/\/myboundlessjourney.eu\/wp-content\/uploads\/2023\/05\/LogosBeneficairesErasmusRIGHT_EN_0-1024x210.jpg 1024w, https:\/\/myboundlessjourney.eu\/wp-content\/uploads\/2023\/05\/LogosBeneficairesErasmusRIGHT_EN_0-300x62.jpg 300w, https:\/\/myboundlessjourney.eu\/wp-content\/uploads\/2023\/05\/LogosBeneficairesErasmusRIGHT_EN_0-768x158.jpg 768w, https:\/\/myboundlessjourney.eu\/wp-content\/uploads\/2023\/05\/LogosBeneficairesErasmusRIGHT_EN_0-1536x315.jpg 1536w, https:\/\/myboundlessjourney.eu\/wp-content\/uploads\/2023\/05\/LogosBeneficairesErasmusRIGHT_EN_0-2048x420.jpg 2048w\" sizes=\"(max-width: 800px) 100vw, 800px\" \/>\t\t\t\t\t\t\t\t\t\t\t\t\t\t\t<\/div>\n\t\t\t\t<\/div>\n\t\t\t\t\t<\/div>\n\t\t<\/div>\n\t\t\t\t\t\t\t<\/div>\n\t\t<\/section>\n\t\t\t\t\t\t\t<\/div>\n\t\t","protected":false},"excerpt":{"rendered":"<p>Empower your unique abilities, and explore the world without limits! The aim of our project is to promote the participation of young people with disabilities in international mobility programmes. The &#8230;<\/p>\n","protected":false},"author":1,"featured_media":0,"parent":1137,"menu_order":0,"comment_status":"closed","ping_status":"closed","template":"","meta":{"footnotes":""},"class_list":["post-11","page","type-page","status-publish","hentry"],"jetpack_sharing_enabled":true,"_links":{"self":[{"href":"https:\/\/myboundlessjourney.eu\/index.php\/wp-json\/wp\/v2\/pages\/11","targetHints":{"allow":["GET"]}}],"collection":[{"href":"https:\/\/myboundlessjourney.eu\/index.php\/wp-json\/wp\/v2\/pages"}],"about":[{"href":"https:\/\/myboundlessjourney.eu\/index.php\/wp-json\/wp\/v2\/types\/page"}],"author":[{"embeddable":true,"href":"https:\/\/myboundlessjourney.eu\/index.php\/wp-json\/wp\/v2\/users\/1"}],"replies":[{"embeddable":true,"href":"https:\/\/myboundlessjourney.eu\/index.php\/wp-json\/wp\/v2\/comments?post=11"}],"version-history":[{"count":59,"href":"https:\/\/myboundlessjourney.eu\/index.php\/wp-json\/wp\/v2\/pages\/11\/revisions"}],"predecessor-version":[{"id":903,"href":"https:\/\/myboundlessjourney.eu\/index.php\/wp-json\/wp\/v2\/pages\/11\/revisions\/903"}],"up":[{"embeddable":true,"href":"https:\/\/myboundlessjourney.eu\/index.php\/wp-json\/wp\/v2\/pages\/1137"}],"wp:attachment":[{"href":"https:\/\/myboundlessjourney.eu\/index.php\/wp-json\/wp\/v2\/media?parent=11"}],"curies":[{"name":"wp","href":"https:\/\/api.w.org\/{rel}","templated":true}]}}