{"id":280,"date":"2023-07-06T13:23:29","date_gmt":"2023-07-06T13:23:29","guid":{"rendered":"https:\/\/myboundlessjourney.eu\/index.php\/home-magyar\/"},"modified":"2026-04-14T16:06:49","modified_gmt":"2026-04-14T16:06:49","slug":"home-magyar","status":"publish","type":"page","link":"https:\/\/myboundlessjourney.eu\/index.php\/archiv\/home-magyar\/","title":{"rendered":"Kezd\u0151lap"},"content":{"rendered":"\t\t<div data-elementor-type=\"wp-page\" data-elementor-id=\"280\" class=\"elementor elementor-280\">\n\t\t\t\t\t\t\t\t\t<section class=\"elementor-section elementor-top-section elementor-element elementor-element-2524cbe3 elementor-section-boxed elementor-section-height-default elementor-section-height-default\" data-id=\"2524cbe3\" data-element_type=\"section\">\n\t\t\t\t\t\t<div class=\"elementor-container elementor-column-gap-default\">\n\t\t\t\t\t<div class=\"elementor-column elementor-col-100 elementor-top-column elementor-element elementor-element-33a2df63\" data-id=\"33a2df63\" data-element_type=\"column\">\n\t\t\t<div class=\"elementor-widget-wrap elementor-element-populated\">\n\t\t\t\t\t\t\t\t<div class=\"elementor-element elementor-element-2f1ce079 elementor-widget elementor-widget-text-editor\" data-id=\"2f1ce079\" data-element_type=\"widget\" data-widget_type=\"text-editor.default\">\n\t\t\t\t<div class=\"elementor-widget-container\">\n\t\t\t<style>\/*! elementor - v3.18.0 - 06-12-2023 *\/\n.elementor-widget-text-editor.elementor-drop-cap-view-stacked .elementor-drop-cap{background-color:#69727d;color:#fff}.elementor-widget-text-editor.elementor-drop-cap-view-framed .elementor-drop-cap{color:#69727d;border:3px solid;background-color:transparent}.elementor-widget-text-editor:not(.elementor-drop-cap-view-default) .elementor-drop-cap{margin-top:8px}.elementor-widget-text-editor:not(.elementor-drop-cap-view-default) .elementor-drop-cap-letter{width:1em;height:1em}.elementor-widget-text-editor .elementor-drop-cap{float:left;text-align:center;line-height:1;font-size:50px}.elementor-widget-text-editor .elementor-drop-cap-letter{display:inline-block}<\/style>\t\t\t\tC\u00e9lunk ezzel a projekttel, hogy <strong>k\u00f6nnyen \u00e9rthet\u0151<\/strong> \u00e9s <strong>gyakorlatias<\/strong> inform\u00e1ci\u00f3val l\u00e1ssuk el a fogyat\u00e9kkal \u00e9l\u0151 <strong>fiatalokat<\/strong>, \u00e9s azokat a <strong>szervezeteket<\/strong>, akik vel\u00fck foglalkoznak vagy szeretn\u00e9nek bevonni \u0151ket nemzetk\u00f6zi mobilit\u00e1si projektekbe. Bemutatjuk az Erasmus+ \u00e9s az Eur\u00f3pai Szolidarit\u00e1si Test\u00fclet p\u00e1ly\u00e1zatait \u00e9s r\u00e1vil\u00e1g\u00edtunk ezek saj\u00e1tos jellemz\u0151ire, hogy megk\u00f6nny\u00edts\u00fck a programba val\u00f3 bevon\u00e1sukat, maximaliz\u00e1lva a fiatalok \u00e9s a szerveztek sz\u00e1m\u00e1ra el\u00e9rhet\u0151 t\u00e1mogat\u00e1st.\t\t\t\t\t\t<\/div>\n\t\t\t\t<\/div>\n\t\t\t\t\t<\/div>\n\t\t<\/div>\n\t\t\t\t\t\t\t<\/div>\n\t\t<\/section>\n\t\t\t\t<section class=\"elementor-section elementor-top-section elementor-element elementor-element-6cc2c13 elementor-section-boxed elementor-section-height-default elementor-section-height-default\" data-id=\"6cc2c13\" data-element_type=\"section\">\n\t\t\t\t\t\t<div class=\"elementor-container elementor-column-gap-default\">\n\t\t\t\t\t<div class=\"elementor-column elementor-col-100 elementor-top-column elementor-element elementor-element-30df007\" data-id=\"30df007\" data-element_type=\"column\">\n\t\t\t<div class=\"elementor-widget-wrap elementor-element-populated\">\n\t\t\t\t\t\t\t\t<div class=\"elementor-element elementor-element-0cbc66f elementor-widget elementor-widget-text-editor\" data-id=\"0cbc66f\" data-element_type=\"widget\" data-widget_type=\"text-editor.default\">\n\t\t\t\t<div class=\"elementor-widget-container\">\n\t\t\t\t\t\t\t<p>A weboldal c\u00e9lja, hogy seg\u00edtse a nemzetk\u00f6zi mobilit\u00e1s r\u00e9sztvev\u0151it abban, hogy jobban felk\u00e9sz\u00fcljenek a nemzetk\u00f6zi mobilit\u00e1sra, \u00e9s hogy a lehet\u0151 leg\u00e9lvezetesebb\u00e9 tegy\u00fck azt.<\/p>\t\t\t\t\t\t<\/div>\n\t\t\t\t<\/div>\n\t\t\t\t\t<\/div>\n\t\t<\/div>\n\t\t\t\t\t\t\t<\/div>\n\t\t<\/section>\n\t\t\t\t<section class=\"elementor-section elementor-top-section elementor-element elementor-element-c267e11 elementor-section-boxed elementor-section-height-default elementor-section-height-default\" data-id=\"c267e11\" data-element_type=\"section\">\n\t\t\t\t\t\t<div class=\"elementor-container elementor-column-gap-default\">\n\t\t\t\t\t<div class=\"elementor-column elementor-col-100 elementor-top-column elementor-element elementor-element-2140cdd\" data-id=\"2140cdd\" data-element_type=\"column\">\n\t\t\t<div class=\"elementor-widget-wrap elementor-element-populated\">\n\t\t\t\t\t\t\t\t<div class=\"elementor-element elementor-element-2f475dd elementor-widget elementor-widget-text-editor\" data-id=\"2f475dd\" data-element_type=\"widget\" data-widget_type=\"text-editor.default\">\n\t\t\t\t<div class=\"elementor-widget-container\">\n\t\t\t\t\t\t\t<p>Szeretn\u00e9nk el\u00e9rni a<\/p><ul><li>szervezeteket<\/li><li>fiatalokat<\/li><li>t\u00e1mogat\u00f3\/k\u00eds\u00e9r\u0151 szem\u00e9lyeket<\/li><\/ul><p>\u00a0<\/p>\t\t\t\t\t\t<\/div>\n\t\t\t\t<\/div>\n\t\t\t\t\t<\/div>\n\t\t<\/div>\n\t\t\t\t\t\t\t<\/div>\n\t\t<\/section>\n\t\t\t\t<section class=\"elementor-section elementor-top-section elementor-element elementor-element-f20c68e elementor-section-boxed elementor-section-height-default elementor-section-height-default\" data-id=\"f20c68e\" data-element_type=\"section\">\n\t\t\t\t\t\t<div class=\"elementor-container elementor-column-gap-default\">\n\t\t\t\t\t<div class=\"elementor-column elementor-col-100 elementor-top-column elementor-element elementor-element-b6eaae5\" data-id=\"b6eaae5\" data-element_type=\"column\">\n\t\t\t<div class=\"elementor-widget-wrap elementor-element-populated\">\n\t\t\t\t\t\t\t\t<div class=\"elementor-element elementor-element-effa5dd elementor-widget elementor-widget-button\" data-id=\"effa5dd\" data-element_type=\"widget\" data-widget_type=\"button.default\">\n\t\t\t\t<div class=\"elementor-widget-container\">\n\t\t\t\t\t<div class=\"elementor-button-wrapper\">\n\t\t\t<a class=\"elementor-button elementor-button-link elementor-size-sm\" href=\"#\">\n\t\t\t\t\t\t<span class=\"elementor-button-content-wrapper\">\n\t\t\t\t\t\t<span class=\"elementor-button-text\">Szervezeteknek<\/span>\n\t\t<\/span>\n\t\t\t\t\t<\/a>\n\t\t<\/div>\n\t\t\t\t<\/div>\n\t\t\t\t<\/div>\n\t\t\t\t\t<\/div>\n\t\t<\/div>\n\t\t\t\t\t\t\t<\/div>\n\t\t<\/section>\n\t\t\t\t<section class=\"elementor-section elementor-top-section elementor-element elementor-element-f69b051 elementor-section-boxed elementor-section-height-default elementor-section-height-default\" data-id=\"f69b051\" data-element_type=\"section\">\n\t\t\t\t\t\t<div class=\"elementor-container elementor-column-gap-default\">\n\t\t\t\t\t<div class=\"elementor-column elementor-col-100 elementor-top-column elementor-element elementor-element-8835ada\" data-id=\"8835ada\" data-element_type=\"column\">\n\t\t\t<div class=\"elementor-widget-wrap elementor-element-populated\">\n\t\t\t\t\t\t\t\t<div class=\"elementor-element elementor-element-266a239 elementor-widget elementor-widget-text-editor\" data-id=\"266a239\" data-element_type=\"widget\" data-widget_type=\"text-editor.default\">\n\t\t\t\t<div class=\"elementor-widget-container\">\n\t\t\t\t\t\t\t<p><strong>Ha \u00d6n fogyat\u00e9kkal \u00e9l\u0151 fiatalokkal foglalkoz\u00f3 szervezet tagja, a k\u00f6vetkez\u0151kr\u0151l olvashat:<\/strong><\/p><p>&#8211; Erasmus+ \u00e1ltal\u00e1ban<\/p><p>&#8211; az EU befogad\u00e1si strat\u00e9gi\u00e1j\u00e1r\u00f3l<\/p><p>&#8211; bevezet\u00e9s az ifj\u00fas\u00e1gi ker\u00e9kbe<\/p><p>&#8211; bevezet\u00e9s a r\u00f6vid t\u00e1v\u00fa \u00f6nk\u00e9ntes szolg\u00e1latba<\/p><p>&#8211; fedezze fel az EU-t<\/p><p>\u00a0<\/p><p><strong>Ha \u00d6n nemzetk\u00f6zi mobilit\u00e1si projektekben r\u00e9szt vev\u0151 szervezet, akkor a k\u00f6vetkez\u0151kr\u0151l olvashat:\u00a0<\/strong><\/p><p>&#8211; a r\u00f6vid t\u00e1v\u00fa \u00f6nk\u00e9ntes projektek min\u0151s\u00e9gi tan\u00fas\u00edtv\u00e1ny\u00e1nak megszerz\u00e9s\u00e9r\u0151l (ESC)<\/p><p>&#8211; milyen t\u00e1mogat\u00e1sra \u00e9s finansz\u00edroz\u00e1sra jogosult<\/p><p>&#8211; \u00e9s a p\u00e1ly\u00e1zati \u0171rlap melyik r\u00e9sz\u00e9ben p\u00e1ly\u00e1zhat erre vonatkoz\u00f3an<\/p>\t\t\t\t\t\t<\/div>\n\t\t\t\t<\/div>\n\t\t\t\t<div class=\"elementor-element elementor-element-0af2a3b elementor-widget-divider--view-line_icon elementor-view-default elementor-widget-divider--element-align-center elementor-widget elementor-widget-divider\" data-id=\"0af2a3b\" data-element_type=\"widget\" data-widget_type=\"divider.default\">\n\t\t\t\t<div class=\"elementor-widget-container\">\n\t\t\t<style>\/*! elementor - v3.18.0 - 06-12-2023 *\/\n.elementor-widget-divider{--divider-border-style:none;--divider-border-width:1px;--divider-color:#0c0d0e;--divider-icon-size:20px;--divider-element-spacing:10px;--divider-pattern-height:24px;--divider-pattern-size:20px;--divider-pattern-url:none;--divider-pattern-repeat:repeat-x}.elementor-widget-divider .elementor-divider{display:flex}.elementor-widget-divider .elementor-divider__text{font-size:15px;line-height:1;max-width:95%}.elementor-widget-divider .elementor-divider__element{margin:0 var(--divider-element-spacing);flex-shrink:0}.elementor-widget-divider .elementor-icon{font-size:var(--divider-icon-size)}.elementor-widget-divider .elementor-divider-separator{display:flex;margin:0;direction:ltr}.elementor-widget-divider--view-line_icon .elementor-divider-separator,.elementor-widget-divider--view-line_text .elementor-divider-separator{align-items:center}.elementor-widget-divider--view-line_icon .elementor-divider-separator:after,.elementor-widget-divider--view-line_icon .elementor-divider-separator:before,.elementor-widget-divider--view-line_text .elementor-divider-separator:after,.elementor-widget-divider--view-line_text .elementor-divider-separator:before{display:block;content:\"\";border-bottom:0;flex-grow:1;border-top:var(--divider-border-width) var(--divider-border-style) var(--divider-color)}.elementor-widget-divider--element-align-left .elementor-divider .elementor-divider-separator>.elementor-divider__svg:first-of-type{flex-grow:0;flex-shrink:100}.elementor-widget-divider--element-align-left .elementor-divider-separator:before{content:none}.elementor-widget-divider--element-align-left .elementor-divider__element{margin-left:0}.elementor-widget-divider--element-align-right .elementor-divider .elementor-divider-separator>.elementor-divider__svg:last-of-type{flex-grow:0;flex-shrink:100}.elementor-widget-divider--element-align-right .elementor-divider-separator:after{content:none}.elementor-widget-divider--element-align-right .elementor-divider__element{margin-right:0}.elementor-widget-divider:not(.elementor-widget-divider--view-line_text):not(.elementor-widget-divider--view-line_icon) .elementor-divider-separator{border-top:var(--divider-border-width) var(--divider-border-style) var(--divider-color)}.elementor-widget-divider--separator-type-pattern{--divider-border-style:none}.elementor-widget-divider--separator-type-pattern.elementor-widget-divider--view-line .elementor-divider-separator,.elementor-widget-divider--separator-type-pattern:not(.elementor-widget-divider--view-line) .elementor-divider-separator:after,.elementor-widget-divider--separator-type-pattern:not(.elementor-widget-divider--view-line) .elementor-divider-separator:before,.elementor-widget-divider--separator-type-pattern:not([class*=elementor-widget-divider--view]) .elementor-divider-separator{width:100%;min-height:var(--divider-pattern-height);-webkit-mask-size:var(--divider-pattern-size) 100%;mask-size:var(--divider-pattern-size) 100%;-webkit-mask-repeat:var(--divider-pattern-repeat);mask-repeat:var(--divider-pattern-repeat);background-color:var(--divider-color);-webkit-mask-image:var(--divider-pattern-url);mask-image:var(--divider-pattern-url)}.elementor-widget-divider--no-spacing{--divider-pattern-size:auto}.elementor-widget-divider--bg-round{--divider-pattern-repeat:round}.rtl .elementor-widget-divider .elementor-divider__text{direction:rtl}.e-con-inner>.elementor-widget-divider,.e-con>.elementor-widget-divider{width:var(--container-widget-width,100%);--flex-grow:var(--container-widget-flex-grow)}<\/style>\t\t<div class=\"elementor-divider\">\n\t\t\t<span class=\"elementor-divider-separator\">\n\t\t\t\t\t\t\t<div class=\"elementor-icon elementor-divider__element\">\n\t\t\t\t\t<i aria-hidden=\"true\" class=\"fas fa-plane\"><\/i><\/div>\n\t\t\t\t\t\t<\/span>\n\t\t<\/div>\n\t\t\t\t<\/div>\n\t\t\t\t<\/div>\n\t\t\t\t\t<\/div>\n\t\t<\/div>\n\t\t\t\t\t\t\t<\/div>\n\t\t<\/section>\n\t\t\t\t<section class=\"elementor-section elementor-top-section elementor-element elementor-element-4f8a00d elementor-section-boxed elementor-section-height-default elementor-section-height-default\" data-id=\"4f8a00d\" data-element_type=\"section\">\n\t\t\t\t\t\t<div class=\"elementor-container elementor-column-gap-default\">\n\t\t\t\t\t<div class=\"elementor-column elementor-col-100 elementor-top-column elementor-element elementor-element-e6c12cd\" data-id=\"e6c12cd\" data-element_type=\"column\">\n\t\t\t<div class=\"elementor-widget-wrap elementor-element-populated\">\n\t\t\t\t\t\t\t\t<div class=\"elementor-element elementor-element-dd7f24e elementor-widget elementor-widget-button\" data-id=\"dd7f24e\" data-element_type=\"widget\" data-widget_type=\"button.default\">\n\t\t\t\t<div class=\"elementor-widget-container\">\n\t\t\t\t\t<div class=\"elementor-button-wrapper\">\n\t\t\t<a class=\"elementor-button elementor-button-link elementor-size-sm\" href=\"#\">\n\t\t\t\t\t\t<span class=\"elementor-button-content-wrapper\">\n\t\t\t\t\t\t<span class=\"elementor-button-text\">Fiataloknak<\/span>\n\t\t<\/span>\n\t\t\t\t\t<\/a>\n\t\t<\/div>\n\t\t\t\t<\/div>\n\t\t\t\t<\/div>\n\t\t\t\t\t<\/div>\n\t\t<\/div>\n\t\t\t\t\t\t\t<\/div>\n\t\t<\/section>\n\t\t\t\t<section class=\"elementor-section elementor-top-section elementor-element elementor-element-857a9b8 elementor-section-boxed elementor-section-height-default elementor-section-height-default\" data-id=\"857a9b8\" data-element_type=\"section\">\n\t\t\t\t\t\t<div class=\"elementor-container elementor-column-gap-default\">\n\t\t\t\t\t<div class=\"elementor-column elementor-col-100 elementor-top-column elementor-element elementor-element-4a28110\" data-id=\"4a28110\" data-element_type=\"column\">\n\t\t\t<div class=\"elementor-widget-wrap elementor-element-populated\">\n\t\t\t\t\t\t\t\t<div class=\"elementor-element elementor-element-427d134 elementor-widget elementor-widget-text-editor\" data-id=\"427d134\" data-element_type=\"widget\" data-widget_type=\"text-editor.default\">\n\t\t\t\t<div class=\"elementor-widget-container\">\n\t\t\t\t\t\t\t<p><strong>Ha<\/strong><b> r\u00f6vid vagy hossz\u00fa t\u00e1v\u00fa nemzetk\u00f6zi mobilit\u00e1si programokban szeretn\u00e9l r\u00e9szt venni, itt tov\u00e1bbi inform\u00e1ci\u00f3kat tal\u00e1lsz<\/b><\/p><ul><li>a rendelkez\u00e9sre \u00e1ll\u00f3 projektekr\u0151l<\/li><li>utaz\u00e1sr\u00f3l<\/li><li>k\u00fcld\u0151 \u00e9s fogad\u00f3 szervezetekr\u0151l<\/li><\/ul>\t\t\t\t\t\t<\/div>\n\t\t\t\t<\/div>\n\t\t\t\t<div class=\"elementor-element elementor-element-7281b81 elementor-widget-divider--view-line_icon elementor-view-default elementor-widget-divider--element-align-center elementor-widget elementor-widget-divider\" data-id=\"7281b81\" data-element_type=\"widget\" data-widget_type=\"divider.default\">\n\t\t\t\t<div class=\"elementor-widget-container\">\n\t\t\t\t\t<div class=\"elementor-divider\">\n\t\t\t<span class=\"elementor-divider-separator\">\n\t\t\t\t\t\t\t<div class=\"elementor-icon elementor-divider__element\">\n\t\t\t\t\t<i aria-hidden=\"true\" class=\"fas fa-suitcase\"><\/i><\/div>\n\t\t\t\t\t\t<\/span>\n\t\t<\/div>\n\t\t\t\t<\/div>\n\t\t\t\t<\/div>\n\t\t\t\t\t<\/div>\n\t\t<\/div>\n\t\t\t\t\t\t\t<\/div>\n\t\t<\/section>\n\t\t\t\t<section class=\"elementor-section elementor-top-section elementor-element elementor-element-46b53d3 elementor-section-boxed elementor-section-height-default elementor-section-height-default\" data-id=\"46b53d3\" data-element_type=\"section\">\n\t\t\t\t\t\t<div class=\"elementor-container elementor-column-gap-default\">\n\t\t\t\t\t<div class=\"elementor-column elementor-col-100 elementor-top-column elementor-element elementor-element-2bc7624\" data-id=\"2bc7624\" data-element_type=\"column\">\n\t\t\t<div class=\"elementor-widget-wrap elementor-element-populated\">\n\t\t\t\t\t\t\t\t<div class=\"elementor-element elementor-element-f8a59d2 elementor-widget elementor-widget-button\" data-id=\"f8a59d2\" data-element_type=\"widget\" data-widget_type=\"button.default\">\n\t\t\t\t<div class=\"elementor-widget-container\">\n\t\t\t\t\t<div class=\"elementor-button-wrapper\">\n\t\t\t<a class=\"elementor-button elementor-button-link elementor-size-sm\" href=\"#\">\n\t\t\t\t\t\t<span class=\"elementor-button-content-wrapper\">\n\t\t\t\t\t\t<span class=\"elementor-button-text\">K\u00eds\u00e9r\u0151knek<\/span>\n\t\t<\/span>\n\t\t\t\t\t<\/a>\n\t\t<\/div>\n\t\t\t\t<\/div>\n\t\t\t\t<\/div>\n\t\t\t\t<div class=\"elementor-element elementor-element-5524516 elementor-widget elementor-widget-text-editor\" data-id=\"5524516\" data-element_type=\"widget\" data-widget_type=\"text-editor.default\">\n\t\t\t\t<div class=\"elementor-widget-container\">\n\t\t\t\t\t\t\t<p><strong>Ha \u00d6n k\u00eds\u00e9r\u0151 szem\u00e9ly\/t\u00e1mogat\u00f3 szem\u00e9lyzet, aki fogyat\u00e9kkal \u00e9l\u0151 fiatalokkal egy\u00fctt szeretne utazni, t\u00f6bbet olvashat<\/strong><\/p><ul><li>r\u00f6vid t\u00e1v\u00fa mobilit\u00e1si projektekr\u0151l<\/li><li>hossz\u00fa t\u00e1v\u00fa mobilit\u00e1si projektekr\u0151l<\/li><li>a DiscoverEU-r\u00f3l<\/li><li>a k\u00eds\u00e9r\u0151 szem\u00e9ly szerep\u00e9r\u0151l<\/li><\/ul>\t\t\t\t\t\t<\/div>\n\t\t\t\t<\/div>\n\t\t\t\t\t<\/div>\n\t\t<\/div>\n\t\t\t\t\t\t\t<\/div>\n\t\t<\/section>\n\t\t\t\t\t\t\t<\/div>\n\t\t","protected":false},"excerpt":{"rendered":"<p>C\u00e9lunk ezzel a projekttel, hogy k\u00f6nnyen \u00e9rthet\u0151 \u00e9s gyakorlatias inform\u00e1ci\u00f3val l\u00e1ssuk el a fogyat\u00e9kkal \u00e9l\u0151 fiatalokat, \u00e9s azokat a szervezeteket, akik vel\u00fck foglalkoznak vagy szeretn\u00e9nek bevonni \u0151ket nemzetk\u00f6zi mobilit\u00e1si projektekbe. &#8230;<\/p>\n","protected":false},"author":2,"featured_media":0,"parent":1140,"menu_order":0,"comment_status":"closed","ping_status":"closed","template":"","meta":{"footnotes":""},"class_list":["post-280","page","type-page","status-publish","hentry"],"jetpack_sharing_enabled":true,"_links":{"self":[{"href":"https:\/\/myboundlessjourney.eu\/index.php\/wp-json\/wp\/v2\/pages\/280","targetHints":{"allow":["GET"]}}],"collection":[{"href":"https:\/\/myboundlessjourney.eu\/index.php\/wp-json\/wp\/v2\/pages"}],"about":[{"href":"https:\/\/myboundlessjourney.eu\/index.php\/wp-json\/wp\/v2\/types\/page"}],"author":[{"embeddable":true,"href":"https:\/\/myboundlessjourney.eu\/index.php\/wp-json\/wp\/v2\/users\/2"}],"replies":[{"embeddable":true,"href":"https:\/\/myboundlessjourney.eu\/index.php\/wp-json\/wp\/v2\/comments?post=280"}],"version-history":[{"count":14,"href":"https:\/\/myboundlessjourney.eu\/index.php\/wp-json\/wp\/v2\/pages\/280\/revisions"}],"predecessor-version":[{"id":346,"href":"https:\/\/myboundlessjourney.eu\/index.php\/wp-json\/wp\/v2\/pages\/280\/revisions\/346"}],"up":[{"embeddable":true,"href":"https:\/\/myboundlessjourney.eu\/index.php\/wp-json\/wp\/v2\/pages\/1140"}],"wp:attachment":[{"href":"https:\/\/myboundlessjourney.eu\/index.php\/wp-json\/wp\/v2\/media?parent=280"}],"curies":[{"name":"wp","href":"https:\/\/api.w.org\/{rel}","templated":true}]}}